 Calculate k(-4).
56
Let u(y) = 1161*y + 2326. Calculate u(-2).
4
Let b(t) = -31*t - 307. Give b(-8).
-59
Let q(b) = -4*b**2 - 71*b - 50. Determine q(-17).
1
Let k(o) = 1138*o + 14800. Calculate k(-13).
6
Let l(v) = -369*v + 2962. Give l(8).
10
Let a(f) = f**3 + 15*f**2 - 33*f + 33. What is a(-17)?
16
Let t(m) = -41*m - 50. Determine t(-2).
32
Let n(f) = -649*f**2 + 1298*f - 1. Give n(2).
-1
Let q(v) = 3*v**3 - 32*v**2 + 15*v + 60. Calculate q(10).
10
Let a(p) = -p**3 + 16*p**2 - 38*p - 34. Give a(16).
-642
Let n(k) = 2*k**3 - 278*k**2 + 282*k - 858. Determine n(138).
-30
Let c(f) = -f**3 + 34*f**2 - 100*f + 197. What is c(31)?
-20
Let s(a) = -1937*a + 1932. What is s(1)?
-5
Let o(t) = -9*t**3 - 64*t**2 - 32*t - 184. Determine o(-7).
-9
Let a(p) = 14*p**2 - 98*p - 198. Determine a(-2).
54
Let l(n) = n**2 + 1371*n + 350546. Determine l(-340).
6
Let s(x) = 3*x**3 + 24*x**2 + 12*x + 20. What is s(-7)?
83
Let g(m) = -24*m**2 - 118*m + 361. What is g(3)?
-209
Let l(h) = -2*h**3 - 8*h**2 + 12*h - 63. What is l(-7)?
147
Let m(k) = -k**3 + 41*k**2 - 109*k - 199. What is m(38)?
-9
Let y(i) = -4*i**3 + 892*i**2 + 5494*i + 458. Determine y(229).
0
Let t(w) = 63*w + 10912. Calculate t(-173).
13
Let g(u) = -75*u - 2333. What is g(-30)?
-83
Let b(f) = f**3 - 70*f**2 + 499*f - 202. Calculate b(62).
-16
Let u(c) = c**2 - 130. Give u(12).
14
Let v(d) = -d**3 + 35*d**2 + 112*d + 77. Give v(38).
1
Let t(i) = i**2 + 164*i + 6478. Give t(-67).
-21
Let k(j) = 10616*j - 53047. What is k(5)?
33
Let a(w) = 6*w - 61. Determine a(-7).
-103
Let v(t) = t**2 + 36*t + 224. What is v(-13)?
-75
Let z(f) = 2*f**3 + 2*f**2 + 30*f + 123. Give z(-3).
-3
Let y(n) = -n**2 + 39*n + 602. What is y(-12)?
-10
Let x(f) = -2*f**3 - 98*f**2 - 2*f - 107. Give x(-49).
-9
Let s(x) = -3*x**2 - 69*x - 389. Calculate s(-10).
1
Let f(o) = -2*o**2 - 131*o - 12. Give f(0).
-12
Let p(o) = 22*o**3 - 8*o**2 - 18*o + 8. What is p(-2)?
-164
Let q(w) = 321*w**2 + 28*w + 27. What is q(-1)?
320
Let b(a) = a - 88. Give b(-8).
-96
Let a(w) = 30*w**2 - 116*w - 3. Give a(4).
13
Let y(p) = -31*p - 295. Determine y(-17).
232
Let u(n) = -507*n - 166296. Determine u(-328).
0
Let n(u) = -u**3 - 28*u**2 - 39*u + 15. Determine n(-27).
339
Let l(n) = n**3 + 8*n**2 - 42*n + 90. What is l(-12)?
18
Let s(p) = p**3 + 28*p**2 - 429*p - 7. Give s(-39).
-7
Let p(z) = -41*z**2 - 21*z - 12. What is p(-6)?
-1362
Let y(n) = -3*n**2 + 43*n - 17. Determine y(13).
35
Let k(i) = 2*i**3 + 34*i**2 + 49*i + 226. Give k(-16).
-46
Let g(i) = i**3 + 62*i**2 + 180*i + 178. Give g(-59).
1
Let k(b) = 7*b + 466. What is k(-58)?
60
Let p(b) = -3*b**2 + 4*b - 83. Give p(11).
-402
Let y(v) = -v**3 - 3*v**2 + 89*v - 4. What is y(8)?
4
Let o(r) = 4*r**2 - 37*r + 71. Calculate o(6).
-7
Let k(j) = -j**2 + 112*j + 657. Calculate k(-5).
72
Let m(z) = -z**3 - 8*z**2 + 16*z + 145. What is m(-8)?
17
Let p(g) = g**3 + 4*g**2 - 3*g - 7. What is p(2)?
11
Let u(f) = f**3 + 18*f**2 + 19*f + 23. Determine u(-17).
-11
Let u(p) = -p**2 + 3*p - 212. Give u(11).
-300
Let d(z) = -z**2 + 221*z - 12059. Calculate d(101).
61
Let z(p) = -39*p - 415. What is z(-5)?
-220
Let y(q) = -q**3 - 11*q**2 - 20*q - 17. Determine y(-10).
83
Let z(n) = n**3 - 10*n**2 + 10*n - 39. Determine z(4).
-95
Let h(u) = -10*u**2 + 754*u - 308. Give h(75).
-8
Let k(t) = -2*t**3 - 35*t**2 - 18*t. Determine k(-17).
17
Let g(x) = x**3 - 26*x**2 - 153*x - 63. Calculate g(31).
-1
Let n(o) = o**2 + 24*o - 344. Determine n(10).
-4
Let o(b) = 3*b**3 - 20*b**2 - b + 30. Calculate o(8).
278
Let w(m) = -5*m**2 + 465*m - 3011. Give w(86).
-1
Let l(b) = -1101*b**2 - 2204*b + 3. Give l(-2).
7
Let f(d) = -27*d + 624. Give f(23).
3
Let q(x) = x**3 + 7*x**2 - 235*x + 80. Give q(12).
-4
Let k(j) = -12147*j - 60707. What is k(-5)?
28
Let i(a) = 239*a - 467. Calculate i(2).
11
Let j(t) = -239*t + 2848. Calculate j(12).
-20
Let j(g) = -2*g**2 - 26*g + 186. Give j(-18).
6
Let v(r) = -r**3 - 6*r**2 - 6*r - 4. Give v(-4).
-12
Let x(a) = 77*a**2 + 221*a + 151. Give x(-1).
7
Let v(m) = -m**3 + 23*m**2 - 97*m - 87. Determine v(17).
-2
Let x(l) = l**3 + 14*l**2 + 78. Determine x(-14).
78
Let p(t) = 458*t - 37559. Calculate p(82).
-3
Let x(p) = -2*p**3 - 96*p**2 - 9*p - 399. Give x(-48).
33
Let j(v) = 6*v**2 + 103*v + 385. Calculate j(-12).
13
Let i(f) = 11*f**2 - 320*f + 63. What is i(29)?
34
Let u(v) = -v**2 + 16*v + 406. Determine u(23).
245
Let o(t) = t**3 - 18*t**2 - 170*t + 38. Determine o(-7).
3
Let i(a) = -78*a + 8341. Calculate i(107).
-5
Let d(h) = -h**2 - 40*h - 371. Calculate d(-18).
25
Let p(w) = 47*w + 3608. What is p(-76)?
36
Let v(y) = 5*y + 310. What is v(-36)?
130
Let s(a) = -205*a + 4294. What is s(21)?
-11
Let b(f) = -f**2 - 102*f + 205. Determine b(2).
-3
Let d(h) = -h**3 - 93*h**2 + 1027*h - 320. Give d(-103).
-11
Let f(p) = p**3 - 4*p - 45. Determine f(0).
-45
Let n(x) = -67*x**2 + 17*x + 3. Determine n(-2).
-299
Let o(h) = 5*h + 95. Determine o(-13).
30
Let d(k) = -19*k**3 + 2*k**2 + 3*k + 5. Determine d(-2).
159
Let x(o) = 10783*o + 53905. Calculate x(-5).
-10
Let c(m) = m**2 - 32*m + 118. Give c(24).
-74
Let y(k) = 2*k**2 + 39*k + 280. What is y(-10)?
90
Let q(z) = 6*z**2 + 11*z + 48. Give q(-5).
143
Let l(m) = 2*m**2 + 251*m + 5256. Calculate l(-99).
9
Let k(x) = -x**3 + 12*x**2 + 88*x - 150. Calculate k(17).
-99
Let x(d) = -d**3 - 174*d**2 - 2098*d - 72. Calculate x(-13).
-7
Let b(l) = 138*l**2 + l - 2. Determine b(2).
552
Let g(n) = -10*n**2 + 10*n + 2. Determine g(-1).
-18
Let q(p) = -1868*p - 11211. Calculate q(-6).
-3
Let m(h) = 2*h**3 + 25*h**2 - 12*h - 23. Determine m(-13).
-36
Let t(c) = -6*c + 213. Give t(17).
111
Let y(d) = -47*d + 651. Give y(10).
181
Let h(w) = 2*w**3 - 106*w**2 - 224*w + 18. Calculate h(55).
-202
Let w(p) = p**3 + 3*p**2 - 30*p + 14. Calculate w(-7).
28
Let w(o) = -51*o + 3460. Calculate w(67).
43
Let t(n) = n**3 - 33*n**2 + 138*n + 17. What is t(5)?
7
Let s(j) = -209*j + 1062. Determine s(7).
-401
Let t(i) = -i**2 - 63*i + 725. Give t(-73).
-5
Let y(p) = 2134*p + 4251. What is y(-2)?
-17
Let h(y) = -150*y - 2137. Give h(-14).
-37
Let d(k) = 1932*k - 1886. What is d(1)?
46
Let u(g) = -33*g - 5. Calculate u(-2).
61
Let w(c) = 651*c + 7806. Give w(-12).
-6
Let c(n) = n**2 + 8*n - 110. Calculate c(-19).
99
Let y(f) = f**3 - 48*f**2 - 58*f + 269. Calculate y(49).
-172
Let h(t) = -t**3 - 11*t**2 + t + 149. Give h(-12).
281
Let k(b) = -19*b**2 + 79*b + 9. Calculate k(5).
-71
Let l(q) = 5*q**2 + 165*q - 52. Calculate l(-33).
-52
Let b(v) = 1556*v + 4673. Determine b(-3).
5
Let y(j) = j**2 - 40*j - 1815. Give y(67).
-6
Let h(t) = 109*t + 64. Determine h(-3).
-263
Let i(w) = 2*w**3 + 23*w**2 - 76*w - 68. Calculate i(-14).
16
Let i(h) = 95*h**2 + 3*h + 13. Determine i(-1).
105
Let s(t) = -t**2 + 29*t + 49. What is s(29)?
49
Let m(z) = z**2 + 11*z + 135. What is m(-8)?
111
Let p(d) = -2*d**3 - 89*d**2 - 832*d + 69. Determine p(-31).
-86
Let n(g) = -24*g**3 - 4*g**2 - 7*g - 3. What is n(-2)?
187
Let t(v) = v**3 - 14*v**2 - 25*v + 52. What is t(15)?
-98
Let c(w) = -w**3 + 151*w**2 - 3168*w + 2263. Calculate c(126).
-5
Let w(f) = -f**2 - 3274*f + 42724. What is w(13)?
-7
Let b(y) = y**3 - 25*y**2 - 270*y + 7310. Calculate b(23).
42
Let b(y) = y**2 - y - 148. Determine b(9).
-76
Let h(r) = 11*r + 207. Determine h(-18).
9
Let v(h) = 38*h**3 - 51*h + 53. Give v(1).
40
Let f(u) = -11*u**2 - u + 101. Determine f(3).
-1
Let n(j) = 13*j + 1030. What is n(-83)?
-49
Let m(f) = 1261*f - 18921. Determine m(15).
-6
Let j(c) = c**2 + 35*c + 254. Determine j(-8).
38
Let o(t) = -t**3 - 8*t**2 - 8*t - 13. What is o(-6)?
-37
Let c(y) = y**2 - 40*y - 390. What is c(51)?
171
Let p(z) = -5*z**2 + 203*z - 27. What is p(40)?
93
Let m(q) = 4*q**3 + 2*q**2 - 3*q - 1. Give m(1).
2
Let o(r) = -r**3 + 21*r + 23. Determine o(-3).
-13
Let f(j) = -20*j + 675. Calculate f(31).
55
Let u(x) = 31*x**2 + 401*x - 21. Determine u(-13).
5
Let r(n) = 100*n - 108. Give r(3).
192
Let w(l) = -l**2 - 51*l - 408. Give w(-9).
-30
Let a(g) = -4*g**3 + 35*g**2 - 26*g + 34. Give a(8).
18
Let n(i) = i**3 - 116*i**2 - 63*i - 6309. Give n(117).
9
Let u(k) = k**2 + 3991*k - 177545. Give u(44).
-5
Let g(t) = -t**3 + 15*t**2 - 4*t - 146. Calculate g(14).
-6
Let a(d) = -d**2 - 38*d + 372. Calculate a(8).
4
Let o(v) = 328*v + 2